vided by 649.
187
Calculate the remainder when 3209 is divided by 37.
27
What is the remainder when 24218 is divided by 852?
362
Calculate the remainder when 613066 is divided by 94.
92
Calculate the remainder when 5132 is divided by 417.
128
What is the remainder when 83840 is divided by 38?
12
Calculate the remainder when 3896785 is divided by 67.
65
What is the remainder when 26639 is divided by 22?
19
What is the remainder when 6813 is divided by 128?
29
What is the remainder when 7355 is divided by 176?
139
Calculate the remainder when 1142 is divided by 82.
76
What is the remainder when 39684 is divided by 9?
3
What is the remainder when 1609564 is divided by 20?
4
Calculate the remainder when 183022 is divided by 769.
0
Calculate the remainder when 1089 is divided by 108.
9
Calculate the remainder when 29989 is divided by 163.
160
Calculate the remainder when 739 is divided by 407.
332
Calculate the remainder when 173237 is divided by 94.
89
What is the remainder when 16925 is divided by 67?
41
Calculate the remainder when 86190 is divided by 33.
27
Calculate the remainder when 944 is divided by 120.
104
Calculate the remainder when 7486 is divided by 1819.
210
Calculate the remainder when 821 is divided by 46.
39
What is the remainder when 15731 is divided by 146?
109
What is the remainder when 2367 is divided by 1375?
992
What is the remainder when 35983 is divided by 208?
207
Calculate the remainder when 2541 is divided by 64.
45
Calculate the remainder when 5933 is divided by 159.
50
What is the remainder when 16520 is divided by 34?
30
What is the remainder when 33657 is divided by 31?
22
What is the remainder when 550 is divided by 266?
18
What is the remainder when 1746 is divided by 262?
174
Calculate the remainder when 38101 is divided by 2123.
2010
What is the remainder when 169135 is divided by 56376?
7
What is the remainder when 1182 is divided by 12?
6
Calculate the remainder when 183824 is divided by 593.
587
What is the remainder when 90749 is divided by 1512?
29
Calculate the remainder when 149 is divided by 122.
27
Calculate the remainder when 2067 is divided by 1804.
263
What is the remainder when 414918 is divided by 728?
686
Calculate the remainder when 561386 is divided by 66.
56
What is the remainder when 56350 is divided by 575?
0
Calculate the remainder when 630274 is divided by 6.
4
What is the remainder when 53 is divided by 37?
16
Calculate the remainder when 26141 is divided by 41.
24
Calculate the remainder when 8845 is divided by 75.
70
What is the remainder when 647 is divided by 65?
62
What is the remainder when 1607197 is divided by 490?
487
What is the remainder when 379491 is divided by 126492?
15
What is the remainder when 51093 is divided by 31?
5
Calculate the remainder when 1949245 is divided by 25.
20
What is the remainder when 2234 is divided by 67?
23
What is the remainder when 20115 is divided by 447?
0
Calculate the remainder when 22079 is divided by 120.
119
Calculate the remainder when 11262 is divided by 276.
222
What is the remainder when 4745 is divided by 47?
45
Calculate the remainder when 50163 is divided by 190.
3
What is the remainder when 49533 is divided by 48?
45
What is the remainder when 106442 is divided by 89?
87
What is the remainder when 50884 is divided by 771?
769
What is the remainder when 59594 is divided by 3971?
29
Calculate the remainder when 4873 is divided by 440.
33
Calculate the remainder when 256274 is divided by 36.
26
What is the remainder when 130023 is divided by 346?
273
What is the remainder when 34792 is divided by 80?
72
Calculate the remainder when 2707 is divided by 213.
151
What is the remainder when 10855 is divided by 26?
13
What is the remainder when 180855 is divided by 983?
966
What is the remainder when 15217 is divided by 3798?
25
Calculate the remainder when 14217 is divided by 30.
27
What is the remainder when 25879 is divided by 2351?
18
What is the remainder when 48160 is divided by 196?
140
What is the remainder when 4183 is divided by 297?
25
Calculate the remainder when 354856 is divided by 1491.
1489
Calculate the remainder when 12748 is divided by 88.
76
What is the remainder when 10421 is divided by 155?
36
Calculate the remainder when 2509 is divided by 130.
39
Calculate the remainder when 88816 is divided by 187.
178
What is the remainder when 316062 is divided by 15?
12
Calculate the remainder when 8158 is divided by 741.
7
What is the remainder when 115977 is divided by 10543?
4
Calculate the remainder when 1226 is divided by 152.
10
What is the remainder when 14301 is divided by 1300?
1
Calculate the remainder when 118487 is divided by 164.
79
What is the remainder when 42454 is divided by 82?
60
Calculate the remainder when 1863 is divided by 53.
8
Calculate the remainder when 348345 is divided by 39.
36
Calculate the remainder when 39876 is divided by 314.
312
Calculate the remainder when 7737 is divided by 79.
74
Calculate the remainder when 15419 is divided by 2063.
978
What is the remainder when 398 is divided by 16?
14
What is the remainder when 1252 is divided by 964?
288
Calculate the remainder when 33196 is divided by 8292.
28
What is the remainder when 1999 is divided by 292?
247
Calculate the remainder when 5246 is divided by 263.
249
What is the remainder when 220051 is divided by 44007?
16
What is the remainder when 5663061 is divided by 57?
54
What is the remainder when 256660 is divided by 28?
12
Calculate the remainder when 11746 is divided by 344.
50
What is the remainder when 7491 is divided by 623?
15
Calculate the remainder when 10107 is divided by 34.
9
Calculate the remainder when 321968 is divided by 12.
8
Calculate the remainder when 18098 is divided by 1939.
647
What is the remainder when 601876 is divided by 601876?
0
Calculate the remainder when 3721 is divided by 20.
1
Calculate the remainder when 1784 is divided by 1109.
675
What is the remainder when 23431 is divided by 58?
57
What is the remainder when 18140 is divided by 197?
16
Calculate the remainder when 12103 is divided by 22.
3
What is the remainder when 13507 is divided by 22?
21
What is the remainder when 11698 is divided by 23?
14
What is the remainder when 2814 is divided by 121?
31
What is the remainder when 2686 is divided by 128?
126
What is the remainder when 2680 is divided by 114?
58
What is the remainder when 14279 is divided by 3?
2
What is the remainder when 6737 is divided by 13?
3
Calculate the remainder when 5025 is divided by 180.
165
What is the remainder when 120439 is divided by 673?
645
What is the remainder when 7534 is divided by 3680?
174
Calculate the remainder when 23644 is divided by 67.
60
What is the remainder when 428 is divided by 6?
2
What is the remainder when 5511 is divided by 193?
107
Calculate the remainder when 2806 is divided by 111.
31
What is the remainder when 670 is divided by 127?
35
What is the remainder when 4442 is divided by 344?
314
What is the remainder when 4965 is divided by 6?
3
What is the remainder when 56407 is divided by 3317?
18
What is the remainder when 13924682 is divided by 1319?
1318
Calculate the remainder when 204837 is divided by 1736.
1725
What is the remainder when 2965 is divided by 735?
25
Calculate the remainder when 18783 is divided by 1871.
73
What is the remainder when 6457 is divided by 16?
9
What is the remainder when 17946 is divided by 166?
18
Calculate the remainder when 194104 is divided by 64688.
40
What is the remainder when 3324 is divided by 3131?
193
What is the remainder when 12691 is divided by 23?
18
What is the remainder when 2718 is divided by 276?
234
Calculate the remainder when 348000 is divided by 2876.
4
What is the remainder when 6414 is divided by 1579?
98
What is the remainder when 1697 is divided by 1680?
17
Calculate the remainder when 5558038 is divided by 12.
10
What is the remainder when 4790 is divided by 298?
22
Calculate the remainder when 33615 is divided by 3127.
2345
Calculate the remainder when 136893 is divided by 374.
9
What is the remainder when 92993 is divided by 66?
65
Calculate the remainder when 59582 is divided by 744.
62
What is the remainder when 3959 is divided by 582?
467
What is the remainder when 3608 is divided by 4